en 100 is divided by 60.
40
Calculate the remainder when 1263 is divided by 55.
53
What is the remainder when 186 is divided by 17?
16
What is the remainder when 49 is divided by 11?
5
Calculate the remainder when 52 is divided by 20.
12
What is the remainder when 127 is divided by 12?
7
What is the remainder when 4552 is divided by 59?
9
Calculate the remainder when 237 is divided by 39.
3
Calculate the remainder when 308 is divided by 277.
31
What is the remainder when 99 is divided by 25?
24
Calculate the remainder when 143 is divided by 9.
8
Calculate the remainder when 3338 is divided by 98.
6
Calculate the remainder when 8 is divided by 2.
0
What is the remainder when 2063 is divided by 16?
15
What is the remainder when 192 is divided by 59?
15
What is the remainder when 230 is divided by 87?
56
What is the remainder when 6947 is divided by 25?
22
What is the remainder when 654 is divided by 142?
86
Calculate the remainder when 2742 is divided by 61.
58
What is the remainder when 753 is divided by 108?
105
What is the remainder when 74 is divided by 42?
32
What is the remainder when 319 is divided by 25?
19
Calculate the remainder when 646 is divided by 206.
28
What is the remainder when 3400 is divided by 18?
16
Calculate the remainder when 100 is divided by 81.
19
Calculate the remainder when 177 is divided by 116.
61
Calculate the remainder when 809 is divided by 310.
189
What is the remainder when 478 is divided by 2?
0
What is the remainder when 33 is divided by 5?
3
Calculate the remainder when 804 is divided by 58.
50
What is the remainder when 391 is divided by 96?
7
What is the remainder when 269 is divided by 69?
62
Calculate the remainder when 406 is divided by 4.
2
What is the remainder when 6577 is divided by 329?
326
Calculate the remainder when 326 is divided by 127.
72
Calculate the remainder when 173 is divided by 22.
19
What is the remainder when 1721 is divided by 46?
19
Calculate the remainder when 81 is divided by 28.
25
Calculate the remainder when 280 is divided by 48.
40
What is the remainder when 280 is divided by 95?
90
Calculate the remainder when 1436 is divided by 102.
8
Calculate the remainder when 267 is divided by 35.
22
What is the remainder when 57 is divided by 32?
25
Calculate the remainder when 2107 is divided by 192.
187
What is the remainder when 50 is divided by 15?
5
Calculate the remainder when 4550 is divided by 1515.
5
What is the remainder when 3766 is divided by 1875?
16
Calculate the remainder when 14129 is divided by 45.
44
Calculate the remainder when 585 is divided by 19.
15
What is the remainder when 1206 is divided by 31?
28
What is the remainder when 252 is divided by 86?
80
Calculate the remainder when 877 is divided by 148.
137
Calculate the remainder when 104 is divided by 23.
12
What is the remainder when 961 is divided by 23?
18
Calculate the remainder when 1555 is divided by 130.
125
What is the remainder when 149 is divided by 3?
2
What is the remainder when 229 is divided by 216?
13
What is the remainder when 87 is divided by 49?
38
What is the remainder when 3804 is divided by 27?
24
Calculate the remainder when 1695 is divided by 8.
7
Calculate the remainder when 49 is divided by 16.
1
Calculate the remainder when 777 is divided by 206.
159
What is the remainder when 2537 is divided by 24?
17
Calculate the remainder when 206 is divided by 38.
16
What is the remainder when 1675 is divided by 332?
15
Calculate the remainder when 64 is divided by 36.
28
What is the remainder when 78 is divided by 17?
10
Calculate the remainder when 6 is divided by 1.
0
Calculate the remainder when 152 is divided by 129.
23
Calculate the remainder when 513 is divided by 109.
77
Calculate the remainder when 31 is divided by 15.
1
Calculate the remainder when 398 is divided by 194.
10
Calculate the remainder when 1842 is divided by 41.
38
What is the remainder when 323 is divided by 99?
26
What is the remainder when 1765 is divided by 387?
217
Calculate the remainder when 422 is divided by 126.
44
What is the remainder when 40 is divided by 18?
4
What is the remainder when 1140 is divided by 249?
144
What is the remainder when 1237 is divided by 59?
57
Calculate the remainder when 350 is divided by 22.
20
Calculate the remainder when 196 is divided by 50.
46
Calculate the remainder when 703 is divided by 64.
63
Calculate the remainder when 144 is divided by 25.
19
What is the remainder when 120 is divided by 18?
12
What is the remainder when 1290 is divided by 19?
17
What is the remainder when 413 is divided by 45?
8
Calculate the remainder when 3142 is divided by 121.
117
Calculate the remainder when 160 is divided by 3.
1
Calculate the remainder when 5 is divided by 2.
1
What is the remainder when 22461 is divided by 26?
23
What is the remainder when 161 is divided by 52?
5
What is the remainder when 857 is divided by 41?
37
Calculate the remainder when 621 is divided by 90.
81
What is the remainder when 491 is divided by 41?
40
What is the remainder when 101 is divided by 26?
23
What is the remainder when 226 is divided by 76?
74
Calculate the remainder when 597 is divided by 81.
30
Calculate the remainder when 10942 is divided by 228.
226
Calculate the remainder when 896 is divided by 39.
38
What is the remainder when 799 is divided by 98?
15
What is the remainder when 339 is divided by 162?
15
What is the remainder when 813 is divided by 17?
14
What is the remainder when 249 is divided by 18?
15
Calculate the remainder when 8 is divided by 4.
0
What is the remainder when 1026 is divided by 1024?
2
Calculate the remainder when 467 is divided by 8.
3
What is the remainder when 144 is divided by 41?
21
What is the remainder when 1204 is divided by 305?
289
What is the remainder when 657 is divided by 162?
9
Calculate the remainder when 129 is divided by 33.
30
Calculate the remainder when 668 is divided by 18.
2
Calculate the remainder when 44 is divided by 29.
15
What is the remainder when 217 is divided by 10?
7
Calculate the remainder when 139 is divided by 47.
45
Calculate the remainder when 280 is divided by 46.
4
Calculate the remainder when 614 is divided by 15.
14
What is the remainder when 309 is divided by 12?
9
What is the remainder when 128 is divided by 17?
9
What is the remainder when 1541 is divided by 68?
45
What is the remainder when 178 is divided by 8?
2
What is the remainder when 59 is divided by 55?
4
Calculate the remainder when 1615 is divided by 16.
15
Calculate the remainder when 178 is divided by 92.
86
What is the remainder when 367 is divided by 77?
59
What is the remainder when 4546 is divided by 1511?
13
Calculate the remainder when 4030 is divided by 2009.
12
Calculate the remainder when 8345 is divided by 23.
19
Calculate the remainder when 2088 is divided by 110.
108
What is the remainder when 745 is divided by 73?
15
What is the remainder when 63943 is divided by 63?
61
Calculate the remainder when 31143 is divided by 58.
55
Calculate the remainder when 43 is divided by 23.
20
What is the remainder when 319 is divided by 159?
1
What is the remainder when 1031 is divided by 8?
7
Calculate the remainder when 1148 is divided by 382.
2
What is the remainder when 826 is divided by 64?
58
Calculate the remainder when 2432 is divided by 72.
56
What is the remainder when 27 is divided by 15?
12
What is the remainder when 221 is divided by 23?
14
What is the remainder when 299 is divided by 153?
146
What is the remainder when 1346 is divided by 30?
26
Calculate the remainder when 623 is divided by 5.
3
Calculate the remainder when 461 is divided by 150.
11
What is the remainder when 319 is divided by 16?
15
Calculate the remainder when 201 is divided by 159.
42
What is the remainder when 1014 is divided by 20?
14
Calculate the remainder when 312 is divided by 39.
0
What is the remainder when 44 is divided by 10?
4
Calculate the remainder when 226 is divided by 214.
12
Calculate the remainder when 159 is divided by 45.
24
Calculate the remainder when 35 is divided by 26.
9
Calculate the remainder when 1430 is divided by 476.
2
What is the remainder when 753 is divided by 29?
28
Calculate the remainder when 46 is divided by 26.
20
What is the remainder when 96 is divid